 Let k(w) = -3*w**3 + w + 1. Let b be k(-1). Let j = q - b. List the prime factors of j.
2
Suppose -c + 4*z = -1020 - 557, 3189 = 2*c - z. What are the prime factors of c?
1597
Let m = -86 - -306. List the prime factors of 7*m/7*1.
2, 5, 11
Let c(m) = m + 7. Let j be c(-11). Let h be 1326/65 + j/10. List the prime factors of (h/(-30))/((-2)/159).
53
Suppose -t + 902 = t + 2*j, -4*t + 5*j = -1849. List the prime factors of t.
2, 3, 19
Let u = -238 + 578. Suppose -7*z = -u - 808. List the prime factors of z.
2, 41
Let y(u) = -2*u + 2. Let j be y(-6). Let w = j + -12. What are the prime factors of (-6)/8*(-8)/w?
3
Suppose -5*o - 39 = 186. Let t be 6/o - 6/(-45). Suppose 4*a - 4*b - 244 = t, 6*a - a = -4*b + 296. List the prime factors of a.
2, 3, 5
Let a(p) = 12*p**2 - 15*p - 7. List the prime factors of a(17).
2, 7, 229
Let q be ((-1)/2)/(2/24). Let x = -32 + q. List the prime factors of x/(-3) + (-14)/(-42).
13
Suppose 21*g + 1130 - 2831 = 0. List the prime factors of g.
3
Suppose 36*a = -a + 70485. List the prime factors of a.
3, 5, 127
Let s = 2125 + -1900. List the prime factors of s.
3, 5
Let o(j) = 9*j**2 + 9*j - 5. Let a(l) = -8*l**2 - 9*l + 6. Let t(u) = -6*a(u) - 5*o(u). List the prime factors of t(-10).
199
Let q = -78 - -48. Let n be 183*(q/(-9) - 3). Let c = n + -38. What are the prime factors of c?
23
Suppose 50*v - 49*v = 983. What are the prime factors of v?
983
Suppose 8*x - 4323 + 1131 = 0. Suppose -83 = -2*f + x. List the prime factors of f.
241
Suppose -o - 1830 = -3*p, -2*o + 1375 = 5*p - 1686. List the prime factors of p.
13, 47
Let k be 2*2/4 + 1. Let j be k/(-13) + 41/13. List the prime factors of 27/((-3)/(-3)) - j.
2, 3
Let w = -140 - -347. Let r = 292 - w. Let o = r - 51. What are the prime factors of o?
2, 17
Suppose -98*p + 199657 = -214295. What are the prime factors of p?
2, 3, 11
What are the prime factors of (-2246)/(12/6 + -3)?
2, 1123
Suppose 0 = -0*w - 3*w - 2*w. Suppose f - 5*f = 2*a - 306, w = 3*a - 9. What are the prime factors of f?
3, 5
Suppose -47 - 158 = -5*w. Let k = w - -80. What are the prime factors of k?
11
Suppose 67*j - 16456 = 59*j. What are the prime factors of j?
11, 17
Let z(b) = -259*b. List the prime factors of z(-3).
3, 7, 37
Let g(i) be the second derivative of -11*i**6/24 - i**5/60 + i**2/2 - i. Let k(o) be the first derivative of g(o). List the prime factors of k(-1).
2, 3
Let h = -392 + 847. What are the prime factors of h?
5, 7, 13
Suppose 3*q = -0*q - 18. What are the prime factors of (-20)/q - (-5)/(-15)?
3
Let g be 1/(50/156 - 2/13). What are the prime factors of 1948/g + (-8)/(-6)?
2, 163
Let t = -698 + 2757. List the prime factors of t.
29, 71
Suppose -194 = -10*u + 2936. List the prime factors of u.
313
Let n(z) = 953*z**3 - 2*z**2 + 3*z - 2. What are the prime factors of n(1)?
2, 7, 17
Suppose -3*i + 3*i = -4*i. Suppose i*l = -4*l + 272. List the prime factors of l.
2, 17
Suppose -54*r = -55*r + 1030. List the prime factors of r.
2, 5, 103
Let r(z) = -2*z + 12. Let h be r(-5). Suppose -7 + h = 5*x. Suppose -3*p + 2*i + 129 - 26 = 0, p - x*i - 25 = 0. What are the prime factors of p?
37
Suppose 0*h = -2*h - 5*m + 523, -h + 236 = -6*m. List the prime factors of h.
2, 127
Let o(z) = 3*z**2 - 8*z - 39. What are the prime factors of o(10)?
181
Let o be -4*(27/6)/9. Let q be o + 12*1/2. Let l(a) = 2*a**3 - 7*a**2 + 4*a + 1. What are the prime factors of l(q)?
3, 11
Let u(x) = -16 + 5 - 5*x + 7*x**2 + 13 + 2*x. List the prime factors of u(-5).
2, 3
Let s(w) = w**3 + 3*w**2 - 2*w + 4. Let d = -3 + -1. Let l be s(d). What are the prime factors of (-30)/l*30/9?
5
Let g = 429 + 273. List the prime factors of g.
2, 3, 13
List the prime factors of (-52972)/(-36) - (-16)/(-36).
1471
Suppose 2178 - 323 = 7*d. What are the prime factors of d?
5, 53
Let t be (4/3)/(8/12). Suppose j - 2*k = -t*j + 549, 3*j + 2*k = 537. What are the prime factors of j?
181
Suppose 14*h - 44230 = 4*h. List the prime factors of h.
4423
Let c = 8 + -11. Let r = -1 - c. Suppose -t - 4*z = -36, r*t + 55 = 7*t - 5*z. List the prime factors of t.
2
Suppose -3*y = -2*k + 2750, 3*y + 3039 = -3*k + 7179. List the prime factors of k.
2, 13, 53
Let w = -1806 - -3013. List the prime factors of w.
17, 71
Suppose -c - 2*c = 0, 5*i + c = 2750. What are the prime factors of i?
2, 5, 11
Let y = -46 + 84. Let d = y + -16. List the prime factors of d.
2, 11
List the prime factors of 1*403 + (18 - 16).
3, 5
Suppose -7*u - 2 = -8*u. Let q = 3 - 1. Suppose 2*i - 59 = -q*h + 1, -u*i + 81 = -5*h. List the prime factors of i.
3, 11
Let y = -16 - -29. Suppose 28 = -11*k + y*k. Let a = 27 - k. What are the prime factors of a?
13
What are the prime factors of (-147)/(-49)*7066/6?
3533
Let q(k) = -k**2 - 9*k - 17. Let c be q(-8). Let r = -10 - -6. List the prime factors of (c - -1)/r + 8.
2, 5
Let i = 98 + 249. What are the prime factors of i?
347
Let c be ((-36)/(-16))/(-2*(-3)/(-32)). Let z(d) = 2 - 6*d**2 - 18*d + 6*d - 7*d**2 - d**3 + 0*d**3. List the prime factors of z(c).
2
Let p = -11 - -12. Let d be p*-2 - (-34 + -2). Suppose 0 = y - 12 - d. What are the prime factors of y?
2, 23
Suppose 2566*i + 23228 = 2570*i. List the prime factors of i.
5807
Let b = -25 + -23. Let c = b - -91. List the prime factors of c.
43
Suppose b - 769 = -3*f + 8*f, 2*b - 4*f = 1544. List the prime factors of b.
2, 3, 43
Let j be -252 - 2/6*-3. Let a = j - -377. Suppose 31 - a = -5*c. What are the prime factors of c?
19
Let u be (-20)/((-6)/(-4) + -2). Suppose 0*k + u = b + 5*k, -4*k = 5*b - 263. What are the prime factors of b?
5, 11
Let t(i) = 11*i - 11. Let j be t(6). Let y = 85 + j. List the prime factors of y.
2, 5, 7
Let o(x) = -x**2 + 10*x - 7. Let i be o(7). Suppose -19*d = -i*d - 10. Suppose 2*q - 16 = -4*u, -d*q = 3*u - 15 + 1. What are the prime factors of u?
2
Suppose -5*k = w + 636, 0 = -2*w - 4*k - 1951 + 691. Let v = -354 - w. What are the prime factors of v?
2, 17
Suppose h = -39 + 175. Suppose j - h + 49 = 0. What are the prime factors of j?
3, 29
Let l(z) = -18*z**3 + 58*z + 7. What are the prime factors of l(-6)?
3547
Suppose f - 10 = -4*f. Suppose -4*a = -2*r - r, f*r - a = 0. Suppose -4*s - 225 = -9*s - 5*q, -3*s - 5*q + 135 = r. What are the prime factors of s?
3, 5
Let y(c) = 28*c. Let n be y(1). Suppose 2*b - n = 4*o, -5*b + 5*o + 0*o = -80. Suppose -b = i - 51. What are the prime factors of i?
3, 11
Let m be 9/((-9)/(-3)) - -6. Suppose -3*y + l = -28 - m, -y = 5*l + 9. Let g = -1 + y. List the prime factors of g.
2, 5
Let x be 450/66 + (-4)/(-22). Suppose -q = -k + 37, 3*q + 139 = 3*k + x*q. What are the prime factors of k?
41
Suppose 6*d - 4*d + 48 = 2*j, 0 = -4*j - 5*d + 51. Let r = j + -19. Suppose 2*h = -6, r = -0*b + 4*b - 4*h - 144. List the prime factors of b.
3, 11
Suppose 0 = 2*q - 3*q + 1. Suppose -1 - q = -z. List the prime factors of ((-2)/z)/(2/(-48)).
2, 3
Suppose -5*u + 18 = 3. Suppose 0 = -u*s + 5*s. Suppose 4*r + 0*r - 116 = s. What are the prime factors of r?
29
Let k be (-59)/(-4) - 4/(-16). Let b = -15 + k. Suppose 4*c - 5*s - 121 - 72 = b, -c = -2*s - 46. List the prime factors of c.
2, 13
Let x = -39 + 110. Suppose 6*a = -37 - x. Let v = 26 + a. What are the prime factors of v?
2
Suppose -3*j + 2*p + 8 = 0, -3*p + 3 = -5*j + 18. Let k(l) = l - 2. Let u be k(j). List the prime factors of 42/u*8/6.
2, 7
Suppose -x - 5 + 31 = 4*p, 5*p - 49 = -2*x. List the prime factors of (10/(-6))/((x/168)/(-11)).
2, 5, 7
Suppose 0 = -252*h + 264*h - 20544. What are the prime factors of h?
2, 107
Suppose -5*p + 21 = 1. Suppose 3*o + 491 = p*g, -3*o + 2 - 17 = 0. What are the prime factors of g?
7, 17
Let h(b) = b**3 + 12*b**2 + 12*b + 16. Let k be h(-11). Let m(l) = l**3 - 6*l**2 - 1. Let z be m(k). Let u = -12 - z. List the prime factors of u.
2, 7
Let z = 7 + -19. Let l = -4 + 1. Let w = l - z. What are the prime factors of w?
3
Let r(a) = a**2 - 7*a - 29. Suppose -62 = -5*t + 5*g + 8, 12 = t + g. What are the prime factors of r(t)?
7
Let a = 1577 - 408. List the prime factors of a.
7, 167
Let j(c) be the first derivative of 2 - 1/2*c**2 - 3*c + 2/3*c**3. What are the prime factors of j(-5)?
2, 13
Let p = -36 + 6. List the prime factors of (1310/(-25))/(6/p).
2, 131
Suppose 0*l = 3*l + 90. Let n = 1 - l. What are the prime f